 1)*-77)/(-1). Let u = 11 - -11. Let g = f + u. Calculate the greatest common factor of 9 and g.
9
Let h be 39/(-6)*(-2)/(-3)*-12. What is the greatest common divisor of 13 and h?
13
Suppose 3*x + 118 - 424 = 0. Suppose x = -0*p + 2*p - 3*o, 255 = 5*p - 2*o. Let k(r) = -18*r - 1. Let m be k(-1). What is the highest common divisor of m and p?
17
Let p(x) = -11*x - 2. Let b be p(-2). Calculate the highest common divisor of 10 and b.
10
Let x be -205*(-4 + 4 + -1). Calculate the greatest common divisor of x and 82.
41
Suppose 10*c = 5*c + 85. Calculate the highest common factor of 17 and c.
17
Let x(v) = -v. Let h be x(-12). Let z(c) be the first derivative of 2*c**3/3 - c**2/2 - 2*c + 2. Let a be z(2). What is the greatest common divisor of a and h?
4
Suppose -a + 0*a = 18. Let o be (a/4)/((-1)/2). Let s = 50 - -13. Calculate the greatest common factor of s and o.
9
Suppose 5*i - 2*r = r + 42, 4*i + r - 20 = 0. What is the highest common factor of i and 12?
6
Suppose 0 = -11*q + 7*q. Suppose -y - 2*y - 42 = q. Let n be (-60)/y + (-2)/7. Calculate the greatest common factor of 28 and n.
4
Let s = 6 + -3. Suppose -3*c - 294 = -2*u, -7*c + s*c = -2*u + 296. Calculate the highest common divisor of u and 18.
18
Suppose -28 + 108 = 5*k + l, -48 = -3*k - 3*l. Calculate the greatest common factor of k and 144.
16
Let u = 48 - 82. Let j be ((-2)/(-4))/((-1)/u). Suppose 0 = -3*w - 4*z + 220, 5*z - 37 = 2*w - 153. Calculate the highest common divisor of w and j.
17
Let h be ((-24)/7)/((-8)/28). Calculate the greatest common factor of h and 3.
3
Let q(l) = -l**3 + 7*l**2 - 7*l + 8. Suppose 3*m + 4*t + 10 = 6*m, m + 4 = 5*t. Let r be q(m). Calculate the highest common factor of 22 and r.
2
Let g be (2/6)/(3 - (-1182)/(-396)). What is the highest common factor of 2 and g?
2
Suppose 5*j + 2*t - 67 = 5*t, -3*j = 2*t - 44. What is the highest common divisor of j and 14?
14
Suppose -t = 2*t - 252. Calculate the greatest common divisor of 12 and t.
12
Suppose 0 = -0*d + 5*d - 80. Suppose -2*h + d = 2*h, j - 5*h = -16. Suppose -4*x = 4*f - 56, -j*x + 2*x + 2 = 0. What is the highest common factor of f and 65?
13
Suppose t = 3*t - 94. Suppose -12 = -z + k - t, 4*z + 4*k = -108. Let s = z - -71. Calculate the greatest common divisor of 5 and s.
5
Suppose 4*i = 2*i + 52. What is the highest common divisor of 13 and i?
13
Let x = -110 - -182. Let y(p) = 5*p - 2. Let i be y(4). What is the greatest common divisor of x and i?
18
Let u = 0 - -14. Calculate the greatest common factor of u and 56.
14
Let q(x) = -4*x - 24. Let c be q(-15). What is the greatest common divisor of 9 and c?
9
Suppose 24 = 5*p - 7*p. Let x = 5 - 7. Let j be -1*(p + x/(-1)). Calculate the greatest common divisor of 15 and j.
5
Let c = 21 - 12. What is the highest common factor of c and 45?
9
Suppose 0 = 2*w - 5*h - 53 + 5, 2*h = -8. What is the highest common divisor of w and 21?
7
Let s = -16 + 21. Calculate the highest common factor of 55 and s.
5
Suppose 1 = -4*j + 13. Let m be (-19)/(-2) + j/6. Calculate the highest common factor of m and 90.
10
Let n(x) = x**3 + 6*x**2 + 6*x + 5. Let g be n(-5). Let m(y) = -4 + 3 - y + 5. Let v be m(g). Calculate the greatest common divisor of 12 and v.
4
Let l(x) be the first derivative of -x**4/4 + 3*x**3 + 6*x - 5. Let n be l(7). Calculate the highest common divisor of 13 and n.
13
Let l(d) = 2 - 3*d + 5*d + 31. Let s be l(0). What is the highest common divisor of 11 and s?
11
Let r = -5 - -8. Suppose -4*i = -3*h - 20, 0 = -h + 5*h + r*i + 10. Let s = h + 8. What is the highest common divisor of 2 and s?
2
Let c be (1*-1)/(1/(-4)). Let j(v) = -v + 9. Suppose 3*t + 14 = -7. Let i be j(t). What is the highest common factor of c and i?
4
Let o be 30/(-9)*(-9)/6. Suppose -10 = o*k - 75. Suppose -2*l - 156 = -4*l. Calculate the highest common factor of k and l.
13
Let r = 180 - 90. Calculate the greatest common divisor of 30 and r.
30
Let p be 287/91 - (-4)/(-26). Suppose 6 = p*d, -d + 36 = 2*x - 36. Calculate the greatest common factor of 5 and x.
5
Suppose 0 = 2*y - y + 6. Let t = -3 - y. What is the highest common divisor of t and 27?
3
Let r(h) = 2*h**3 - h**2 + 2*h - 1. Suppose a - 3 = -2*a, -4*d - 4*a + 8 = 0. Let z be r(d). What is the highest common divisor of z and 2?
2
Suppose 0*j + 4*j + 104 = 0. Let v be 4 - -1*(4 - j). What is the greatest common divisor of 51 and v?
17
Let f be (-6)/(-21) - (-26)/7. Let q be 17/(-1 - f/(-2)). Suppose 5*s - 4*l + 1 = 10, 5*s - 2*l - q = 0. Calculate the greatest common factor of 55 and s.
5
Let n(o) = -3*o**2 + 11*o - 15. Let p(v) = v**2 - 3*v + 4. Let k(f) = 6*n(f) + 22*p(f). Let i be k(3). Calculate the greatest common factor of 17 and i.
17
Let p = 14 + 0. Calculate the greatest common factor of 28 and p.
14
Suppose 6*w - 2*w = 68. Let o = w + -6. What is the greatest common divisor of o and 1?
1
Let t = 6 - 0. Suppose 2*s + s = -t, 0 = z - s - 11. What is the greatest common factor of 99 and z?
9
Suppose -5*d + 36 - 11 = 0. Let t = 19 - d. Suppose 0 = 2*k + 3*n - 34, 2*k - 5*n = -2*k + 46. Calculate the greatest common factor of k and t.
14
Let s(n) = -3*n + 9. Let c be s(-3). What is the highest common factor of c and 45?
9
Let i be (-59 + (-1 - -3)*2)*-2. Calculate the greatest common factor of 22 and i.
22
Let g(b) = -23*b**3 + b**2 - b - 2. Let s be g(-1). Let a = -14 + s. What is the highest common divisor of a and 9?
9
Let c = -3 + 4. Let g = c - -3. Calculate the highest common divisor of g and 40.
4
Suppose -2*x = -13 + 1. Let c(a) = 2*a + 1. Let m be c(1). Let i be (x/(-9))/((-1)/m). Calculate the greatest common divisor of i and 3.
1
Suppose 57 = v + v - 3*f, -5*f + 38 = 3*v. Let g(b) = 21*b. Let t be g(3). Calculate the highest common divisor of v and t.
21
Let k(v) = v + 5. Let b be k(5). Let f = b - 1. Calculate the highest common divisor of f and 99.
9
Suppose -4*m = -v - 2*v + 359, 2*m + 117 = v. Calculate the highest common divisor of 50 and v.
25
Let y = -86 + 101. Calculate the greatest common divisor of 10 and y.
5
Let s be 2*-1 - (-8)/2. Let f(d) = 2*d + 1 - d**s + 7*d + 1. Let b be f(8). What is the highest common divisor of 40 and b?
10
Suppose 3*t - 48 = -0. Suppose -h + 47 = -49. What is the highest common divisor of h and t?
16
Suppose -5*v = -1 - 4. Let k = v + 9. Suppose -5*y + k = -4*y. What is the highest common factor of y and 90?
10
Suppose 5*h - o = -0*o + 101, 3*o = 3*h - 63. Suppose -h = -4*w + 3*w. What is the highest common factor of w and 40?
20
Suppose 0 = -4*i + 8 + 8. Let r(u) = u**3 - 5*u**2 + 4*u + 3. Let m be r(i). Let v be m/1 - 1*2. Calculate the greatest common divisor of 4 and v.
1
Let d(z) = -z. Let l be d(-5). Let g be 21 - 0 - (16 - 10). Calculate the highest common factor of l and g.
5
Let i(v) be the second derivative of v**3/6 - 3*v**2/2 + 2*v. Let w be i(9). Let c be (-2)/w - 128/(-6). What is the highest common factor of 3 and c?
3
Let p be (77/(-44))/(1/(-8)). Calculate the greatest common factor of p and 4.
2
Let n(t) be the second derivative of t**3/2 + t. Let g be n(1). What is the greatest common divisor of g and 27?
3
Suppose 9 - 11 = -2*l. Calculate the greatest common factor of l and 5.
1
Let z(p) = -22*p + 9. Let i be z(-4). Suppose -y - 3*k + 9 = -14, -5*y + 3*k + i = 0. Calculate the highest common factor of y and 20.
20
Suppose 35 = 7*f - 6*f. Calculate the greatest common factor of 5 and f.
5
Let y = -24 - -60. Suppose 4*i - 81 = 5*v, 0 = 2*i - 3*i - 4*v + 15. Let s = i - 10. Calculate the highest common factor of s and y.
9
Suppose 0 + 1 = -i. Let x = 3 - i. What is the greatest common factor of 4 and x?
4
Let x(b) = -b**3 + 6*b**2 - 3*b - 7. Let a be x(5). Let c = -5 + 2. Let p be ((-3)/3)/(2 + c). What is the highest common factor of a and p?
1
Let x(w) = -w - 4. Let j be x(-6). Suppose -116 = -4*y - i, -j*y - 3*i = -0*y - 68. What is the greatest common divisor of 84 and y?
28
Let t(d) = -10*d**3 + 4*d**2 + 4*d + 2. Suppose 0 = -5*u - 15, -5*g - u + 0 = 13. Let h be t(g). What is the greatest common divisor of 15 and h?
15
Suppose -4*p = -9*p + 25. Let v(b) = 10*b. Let x be v(9). Suppose p*k = -0*k + x. Calculate the greatest common divisor of 12 and k.
6
Suppose -3*g + 45 = -0*g. Suppose 4*b + 3*h + 262 = h, -68 = b + h. Let o = 72 - 